{"id":128,"date":"2021-09-21T08:36:08","date_gmt":"2021-09-21T06:36:08","guid":{"rendered":"https:\/\/btsndrcclementmarot.fr\/?page_id=128"},"modified":"2024-08-28T15:44:28","modified_gmt":"2024-08-28T13:44:28","slug":"stages-et-alternances","status":"publish","type":"page","link":"https:\/\/btsndrcclementmarot.fr\/?page_id=128","title":{"rendered":"L&rsquo; Alternance"},"content":{"rendered":"\n<h3 class=\"has-text-align-center\"><strong><mark style=\"background-color:rgba(0, 0, 0, 0);color:#a33500\" class=\"has-inline-color\">L&rsquo;Apprentissage en BTS NDRC \u00e0 Cl\u00e9ment Marot : un v\u00e9ritable passeport pour l&#8217;emploi<\/mark><\/strong> <strong><mark style=\"background-color:rgba(0, 0, 0, 0);color:#a33500\" class=\"has-inline-color\">!<\/mark><\/strong><\/h3>\n\n\n\n<figure class=\"wp-block-image size-large\"><img decoding=\"async\" loading=\"lazy\" width=\"724\" height=\"1024\" src=\"https:\/\/btsndrcclementmarot.fr\/wp-content\/uploads\/2024\/01\/White-Green-Modern-Minimalist-Clean-Eco-Friendly-Sponsorship-Proposal-724x1024.png\" alt=\"L'alternance en BTS NDRC Cl\u00e9ment Marot\" class=\"wp-image-736\" srcset=\"https:\/\/btsndrcclementmarot.fr\/wp-content\/uploads\/2024\/01\/White-Green-Modern-Minimalist-Clean-Eco-Friendly-Sponsorship-Proposal-724x1024.png 724w, https:\/\/btsndrcclementmarot.fr\/wp-content\/uploads\/2024\/01\/White-Green-Modern-Minimalist-Clean-Eco-Friendly-Sponsorship-Proposal-212x300.png 212w, https:\/\/btsndrcclementmarot.fr\/wp-content\/uploads\/2024\/01\/White-Green-Modern-Minimalist-Clean-Eco-Friendly-Sponsorship-Proposal-768x1086.png 768w, https:\/\/btsndrcclementmarot.fr\/wp-content\/uploads\/2024\/01\/White-Green-Modern-Minimalist-Clean-Eco-Friendly-Sponsorship-Proposal-1086x1536.png 1086w, https:\/\/btsndrcclementmarot.fr\/wp-content\/uploads\/2024\/01\/White-Green-Modern-Minimalist-Clean-Eco-Friendly-Sponsorship-Proposal-1200x1697.png 1200w, https:\/\/btsndrcclementmarot.fr\/wp-content\/uploads\/2024\/01\/White-Green-Modern-Minimalist-Clean-Eco-Friendly-Sponsorship-Proposal.png 1414w\" sizes=\"(max-width: 724px) 100vw, 724px\" \/><\/figure>\n\n\n\n<p>R\u00e9aliser son BTS NDRC en qualit\u00e9(e) d&rsquo;apprenti(e) est une exp\u00e9rience professionnelle tr\u00e8s riche. L&rsquo; apprentissage  permet d&rsquo;acqu\u00e9rir des comp\u00e9tences cl\u00e9s du dipl\u00f4me. A Cl\u00e9ment Marot, vous serez dans une classe mixte (des jeunes en apprentissage et des \u00e9tudiants scolaris\u00e9s). Cette mixit\u00e9 des publics enrichie la formation par la vari\u00e9t\u00e9 des publics accueillis et la diversit\u00e9 des exp\u00e9riences partag\u00e9es. Pour cela : <\/p>\n\n\n\n<h3 class=\"has-text-color\" style=\"color:#ac500e\">Contactez le lyc\u00e9e Cl\u00e9ment Marot <\/h3>\n\n\n\n<div class=\"is-layout-constrained wp-block-group\"><div class=\"wp-block-group__inner-container\">\n<div class=\"is-layout-constrained wp-block-group\"><div class=\"wp-block-group__inner-container\">\n<p class=\"has-small-font-size\">RESPONSABLE Apprentissage : Auguste Vieira de Resende<\/p>\n\n\n\n<p class=\"has-small-font-size\"> <strong>05.65.35.25.17<\/strong>   <strong>ddf.marot@ac-toulouse.fr <\/strong><\/p>\n<\/div><\/div>\n<\/div><\/div>\n\n\n\n<div class=\"is-layout-constrained wp-block-group\"><div class=\"wp-block-group__inner-container\">\n<div class=\"is-layout-flow wp-block-group\"><div class=\"wp-block-group__inner-container\">\n<div class=\"is-layout-constrained wp-block-group\"><div class=\"wp-block-group__inner-container\">\n<div class=\"is-layout-flex wp-container-4 wp-block-columns\">\n<div class=\"is-layout-flow wp-block-column\" style=\"flex-basis:66.66%\">\t\t<div id=\"wpmapblock_85f7eeff\" data-settings='{&quot;map_marker&quot;:[{&quot;lat&quot;:&quot;44.449952&quot;,&quot;lng&quot;:&quot;1.4390886&quot;,&quot;title&quot;:&quot;59 rue des augustins 46090 CAHORS&quot;,&quot;content&quot;:&quot;lyc\\u00e9e Cl\\u00e9ment Marot&quot;,&quot;iconType&quot;:&quot;default&quot;,&quot;customIconUrl&quot;:&quot;&quot;,&quot;customIconWidth&quot;:&quot;25&quot;,&quot;customIconHeight&quot;:&quot;40&quot;},{&quot;lat&quot;:&quot;&quot;,&quot;lng&quot;:&quot;&quot;,&quot;title&quot;:&quot;&quot;,&quot;content&quot;:&quot;&quot;,&quot;iconType&quot;:&quot;default&quot;,&quot;customIconUrl&quot;:&quot;&quot;,&quot;customIconWidth&quot;:&quot;25&quot;,&quot;customIconHeight&quot;:&quot;40&quot;}],&quot;map_zoom&quot;:&quot;13&quot;,&quot;scroll_wheel_zoom&quot;:&quot;1&quot;,&quot;map_type&quot;:&quot;GM&quot;,&quot;center_index&quot;:0}' class=\"wpmapblockrender\" style=\"\n\t\t\twidth: 100%;\n\t\t\theight: 500px;\n\t\t\"><\/div>\n        <\/div>\n<\/div>\n<\/div><\/div>\n<\/div><\/div>\n<\/div><\/div>\n\n\n\n<div class=\"is-layout-flow wp-block-group\"><div class=\"wp-block-group__inner-container\">\n<div class=\"is-layout-flex wp-container-11 wp-block-columns\">\n<div class=\"is-layout-flow wp-block-column\" style=\"flex-basis:100%\">\n<div class=\"is-layout-flex wp-container-9 wp-block-columns\">\n<div class=\"is-layout-flow wp-block-column\" style=\"flex-basis:100%\">\n<p><a href=\"https:\/\/travail-emploi.gouv.fr\/actualites\/l-actualite-du-ministere\/article\/emploi-des-jeunes-presentation-du-plan-1-jeune-1-solution\">Le gouvernement a d\u00e9cid\u00e9 de soutenir massivement <\/a><strong><a href=\"https:\/\/travail-emploi.gouv.fr\/actualites\/l-actualite-du-ministere\/article\/emploi-des-jeunes-presentation-du-plan-1-jeune-1-solution\">l\u2019alternance<\/a> <\/strong>afin de faciliter l\u2019entr\u00e9e des jeunes sur le march\u00e9 du travail avec le plan<em> <strong>\u201c1 jeune, 1 solution<\/strong><\/em>\u201d.<br>Vous \u00eates \u00e9ligible \u00e0 une aide exceptionnelle pour <strong>les contrats d\u2019apprentissage.<\/strong><\/p>\n<\/div>\n<\/div>\n<\/div>\n<\/div>\n<\/div><\/div>\n\n\n\n<p>Avec<strong> le contrat d\u2019apprentissage<\/strong>  les frais de formation sont couverts par le co\u00fbt contrat d\u00e9fini par la loi. <\/p>\n\n\n\n<h3><strong><span style=\"color:#a35400\" class=\"has-inline-color\">T\u00e9moignage d&rsquo;un <\/span><span style=\"color:#875a2b\" class=\"has-inline-color\">alternant<\/span><\/strong><\/h3>\n\n\n\n<div class=\"is-layout-flow wp-block-group\"><div class=\"wp-block-group__inner-container\">\n<div class=\"is-layout-flex wp-container-16 wp-block-columns\">\n<div class=\"is-layout-flow wp-block-column\" style=\"flex-basis:100%\">\n<div class=\"is-layout-flex wp-container-14 wp-block-columns\">\n<div class=\"is-layout-flow wp-block-column\" style=\"flex-basis:100%\">\n<div class=\"wp-block-cover aligncenter is-light\" style=\"min-height:116px\"><span aria-hidden=\"true\" class=\"wp-block-cover__background has-background-dim-20 has-background-dim\"><\/span><img decoding=\"async\" loading=\"lazy\" width=\"176\" height=\"176\" class=\"wp-block-cover__image-background wp-image-442\" alt=\"\" src=\"https:\/\/btsndrcclementmarot.fr\/wp-content\/uploads\/2023\/01\/RENAULT-LOGO-1-1.png\" style=\"object-position:56% 34%\" data-object-fit=\"cover\" data-object-position=\"56% 34%\" srcset=\"https:\/\/btsndrcclementmarot.fr\/wp-content\/uploads\/2023\/01\/RENAULT-LOGO-1-1.png 176w, https:\/\/btsndrcclementmarot.fr\/wp-content\/uploads\/2023\/01\/RENAULT-LOGO-1-1-150x150.png 150w\" sizes=\"(max-width: 176px) 100vw, 176px\" \/><div class=\"wp-block-cover__inner-container\">\n<p class=\"has-large-font-size\">A<strong>lternance Renault occasion Cahors<\/strong><\/p>\n<\/div><\/div>\n<\/div>\n<\/div>\n<\/div>\n<\/div>\n<\/div><\/div>\n\n\n\n<blockquote class=\"wp-block-quote\">\n<p><strong>Apprenti chez Renault occasion Cahors, j&rsquo;ai pr\u00e9par\u00e9 mon BTS NDRC \u00e0 Cl\u00e9ment-Marot.<\/strong><\/p>\n\n\n\n<p>Pour r\u00e9ussir soyez tr\u00e8s investi(e) au sein de l&rsquo;entreprise pour gagner en autonomie et responsabilit\u00e9s. J&rsquo;ai commenc\u00e9 par renseigner les clients et j&rsquo;ai fini par prendre en charge la totalit\u00e9 de la vente. La deuxi\u00e8me ann\u00e9e de l&rsquo;apprentissage, j&rsquo;ai conclue 4 ventes \u00e0 mon actif. J&rsquo;ai acquis des comp\u00e9tences de vente en face \u00e0 face, en prospection, j&rsquo;ai particip\u00e9 \u00e0 des JPO et des \u00e9v\u00e8nements commerciaux. En digitalisation j&rsquo;ai qualifi\u00e9 des bases de donn\u00e9es, mis \u00e0 jour le site web webbapp4you en publiant des contenus photos pour les annonces de v\u00e9hicules. <\/p>\n\n\n\n<p>J&rsquo;ai r\u00e9alis\u00e9 cette formation en mixit\u00e9 des publics (\u00e9tudiant (e)s en cursus scolaire et jeunes apprentis(e). Cette diversit\u00e9 des profils permet un enrichissement mutuel et une solidarit\u00e9 de travail d&rsquo;\u00e9quipe. L&rsquo; alternance, un passeport pour l&#8217;emploi !<\/p>\n<\/blockquote>\n\n\n\n<div class=\"is-layout-flex wp-block-buttons\">\n<div class=\"wp-block-button\"><a class=\"wp-block-button__link wp-element-button\" href=\"https:\/\/btsndrcclementmarot.fr\/?page_id=103(ouvre un nouvel onglet)\" target=\"_blank\" rel=\"noreferrer noopener\">Rejoignez nous vite ! <\/a><\/div>\n<\/div>\n","protected":false},"excerpt":{"rendered":"<p>L&rsquo;Apprentissage en BTS NDRC \u00e0 Cl\u00e9ment Marot : un v\u00e9ritable passeport pour l&#8217;emploi ! R\u00e9aliser son BTS NDRC en qualit\u00e9(e) d&rsquo;apprenti(e) est une exp\u00e9rience professionnelle tr\u00e8s riche. L&rsquo; apprentissage permet d&rsquo;acqu\u00e9rir des comp\u00e9tences cl\u00e9s du dipl\u00f4me. A Cl\u00e9ment Marot, vous serez dans une classe mixte (des jeunes en apprentissage et des \u00e9tudiants scolaris\u00e9s). Cette mixit\u00e9 [&hellip;]<\/p>\n","protected":false},"author":1,"featured_media":0,"parent":0,"menu_order":0,"comment_status":"closed","ping_status":"closed","template":"","meta":[],"yoast_head":"<!-- This site is optimized with the Yoast SEO plugin v17.1 - https:\/\/yoast.com\/wordpress\/plugins\/seo\/ -->\n<title>L&#039; Alternance - Bts NDRC<\/title>\n<meta name=\"description\" content=\"L&#039;apprentissage en BTS NDRC Cl\u00e9ment Marot permet d&#039;acqu\u00e9rir des comp\u00e9tences cl\u00e9s du dipl\u00f4me. La mixit\u00e9 des publics enrichie l&#039;exp\u00e9rience.\" \/>\n<meta name=\"robots\" content=\"index, follow, max-snippet:-1, max-image-preview:large, max-video-preview:-1\" \/>\n<link rel=\"canonical\" href=\"https:\/\/btsndrcclementmarot.fr\/?page_id=128\" \/>\n<meta property=\"og:locale\" content=\"fr_FR\" \/>\n<meta property=\"og:type\" content=\"article\" \/>\n<meta property=\"og:title\" content=\"L&#039; Alternance - Bts NDRC\" \/>\n<meta property=\"og:description\" content=\"L&#039;apprentissage en BTS NDRC Cl\u00e9ment Marot permet d&#039;acqu\u00e9rir des comp\u00e9tences cl\u00e9s du dipl\u00f4me. La mixit\u00e9 des publics enrichie l&#039;exp\u00e9rience.\" \/>\n<meta property=\"og:url\" content=\"https:\/\/btsndrcclementmarot.fr\/?page_id=128\" \/>\n<meta property=\"og:site_name\" content=\"Bts NDRC\" \/>\n<meta property=\"article:modified_time\" content=\"2024-08-28T13:44:28+00:00\" \/>\n<meta property=\"og:image\" content=\"https:\/\/btsndrcclementmarot.fr\/wp-content\/uploads\/2024\/01\/White-Green-Modern-Minimalist-Clean-Eco-Friendly-Sponsorship-Proposal-724x1024.png\" \/>\n<meta name=\"twitter:card\" content=\"summary_large_image\" \/>\n<meta name=\"twitter:label1\" content=\"Dur\u00e9e de lecture est.\" \/>\n\t<meta name=\"twitter:data1\" content=\"2 minutes\" \/>\n<script type=\"application\/ld+json\" class=\"yoast-schema-graph\">{\"@context\":\"https:\/\/schema.org\",\"@graph\":[{\"@type\":\"WebSite\",\"@id\":\"https:\/\/btsndrcclementmarot.fr\/#website\",\"url\":\"https:\/\/btsndrcclementmarot.fr\/\",\"name\":\"Bts NDRC\",\"description\":\"Lyc\\u00e9e Cl\\u00e9ment Marot\",\"potentialAction\":[{\"@type\":\"SearchAction\",\"target\":{\"@type\":\"EntryPoint\",\"urlTemplate\":\"https:\/\/btsndrcclementmarot.fr\/?s={search_term_string}\"},\"query-input\":\"required name=search_term_string\"}],\"inLanguage\":\"fr-FR\"},{\"@type\":\"ImageObject\",\"@id\":\"https:\/\/btsndrcclementmarot.fr\/?page_id=128#primaryimage\",\"inLanguage\":\"fr-FR\",\"url\":\"https:\/\/btsndrcclementmarot.fr\/wp-content\/uploads\/2024\/01\/White-Green-Modern-Minimalist-Clean-Eco-Friendly-Sponsorship-Proposal.png\",\"contentUrl\":\"https:\/\/btsndrcclementmarot.fr\/wp-content\/uploads\/2024\/01\/White-Green-Modern-Minimalist-Clean-Eco-Friendly-Sponsorship-Proposal.png\",\"width\":1414,\"height\":2000,\"caption\":\"L'alternance en BTS NDRC Cl\\u00e9ment Marot\"},{\"@type\":\"WebPage\",\"@id\":\"https:\/\/btsndrcclementmarot.fr\/?page_id=128#webpage\",\"url\":\"https:\/\/btsndrcclementmarot.fr\/?page_id=128\",\"name\":\"L' Alternance - Bts NDRC\",\"isPartOf\":{\"@id\":\"https:\/\/btsndrcclementmarot.fr\/#website\"},\"primaryImageOfPage\":{\"@id\":\"https:\/\/btsndrcclementmarot.fr\/?page_id=128#primaryimage\"},\"datePublished\":\"2021-09-21T06:36:08+00:00\",\"dateModified\":\"2024-08-28T13:44:28+00:00\",\"description\":\"L'apprentissage en BTS NDRC Cl\\u00e9ment Marot permet d'acqu\\u00e9rir des comp\\u00e9tences cl\\u00e9s du dipl\\u00f4me. La mixit\\u00e9 des publics enrichie l'exp\\u00e9rience.\",\"breadcrumb\":{\"@id\":\"https:\/\/btsndrcclementmarot.fr\/?page_id=128#breadcrumb\"},\"inLanguage\":\"fr-FR\",\"potentialAction\":[{\"@type\":\"ReadAction\",\"target\":[\"https:\/\/btsndrcclementmarot.fr\/?page_id=128\"]}]},{\"@type\":\"BreadcrumbList\",\"@id\":\"https:\/\/btsndrcclementmarot.fr\/?page_id=128#breadcrumb\",\"itemListElement\":[{\"@type\":\"ListItem\",\"position\":1,\"name\":\"Accueil\",\"item\":\"https:\/\/btsndrcclementmarot.fr\/\"},{\"@type\":\"ListItem\",\"position\":2,\"name\":\"L&rsquo; Alternance\"}]}]}<\/script>\n<!-- \/ Yoast SEO plugin. -->","yoast_head_json":{"title":"L' Alternance - Bts NDRC","description":"L'apprentissage en BTS NDRC Cl\u00e9ment Marot permet d'acqu\u00e9rir des comp\u00e9tences cl\u00e9s du dipl\u00f4me. La mixit\u00e9 des publics enrichie l'exp\u00e9rience.","robots":{"index":"index","follow":"follow","max-snippet":"max-snippet:-1","max-image-preview":"max-image-preview:large","max-video-preview":"max-video-preview:-1"},"canonical":"https:\/\/btsndrcclementmarot.fr\/?page_id=128","og_locale":"fr_FR","og_type":"article","og_title":"L' Alternance - Bts NDRC","og_description":"L'apprentissage en BTS NDRC Cl\u00e9ment Marot permet d'acqu\u00e9rir des comp\u00e9tences cl\u00e9s du dipl\u00f4me. La mixit\u00e9 des publics enrichie l'exp\u00e9rience.","og_url":"https:\/\/btsndrcclementmarot.fr\/?page_id=128","og_site_name":"Bts NDRC","article_modified_time":"2024-08-28T13:44:28+00:00","og_image":[{"url":"https:\/\/btsndrcclementmarot.fr\/wp-content\/uploads\/2024\/01\/White-Green-Modern-Minimalist-Clean-Eco-Friendly-Sponsorship-Proposal-724x1024.png"}],"twitter_card":"summary_large_image","twitter_misc":{"Dur\u00e9e de lecture est.":"2 minutes"},"schema":{"@context":"https:\/\/schema.org","@graph":[{"@type":"WebSite","@id":"https:\/\/btsndrcclementmarot.fr\/#website","url":"https:\/\/btsndrcclementmarot.fr\/","name":"Bts NDRC","description":"Lyc\u00e9e Cl\u00e9ment Marot","potentialAction":[{"@type":"SearchAction","target":{"@type":"EntryPoint","urlTemplate":"https:\/\/btsndrcclementmarot.fr\/?s={search_term_string}"},"query-input":"required name=search_term_string"}],"inLanguage":"fr-FR"},{"@type":"ImageObject","@id":"https:\/\/btsndrcclementmarot.fr\/?page_id=128#primaryimage","inLanguage":"fr-FR","url":"https:\/\/btsndrcclementmarot.fr\/wp-content\/uploads\/2024\/01\/White-Green-Modern-Minimalist-Clean-Eco-Friendly-Sponsorship-Proposal.png","contentUrl":"https:\/\/btsndrcclementmarot.fr\/wp-content\/uploads\/2024\/01\/White-Green-Modern-Minimalist-Clean-Eco-Friendly-Sponsorship-Proposal.png","width":1414,"height":2000,"caption":"L'alternance en BTS NDRC Cl\u00e9ment Marot"},{"@type":"WebPage","@id":"https:\/\/btsndrcclementmarot.fr\/?page_id=128#webpage","url":"https:\/\/btsndrcclementmarot.fr\/?page_id=128","name":"L' Alternance - Bts NDRC","isPartOf":{"@id":"https:\/\/btsndrcclementmarot.fr\/#website"},"primaryImageOfPage":{"@id":"https:\/\/btsndrcclementmarot.fr\/?page_id=128#primaryimage"},"datePublished":"2021-09-21T06:36:08+00:00","dateModified":"2024-08-28T13:44:28+00:00","description":"L'apprentissage en BTS NDRC Cl\u00e9ment Marot permet d'acqu\u00e9rir des comp\u00e9tences cl\u00e9s du dipl\u00f4me. La mixit\u00e9 des publics enrichie l'exp\u00e9rience.","breadcrumb":{"@id":"https:\/\/btsndrcclementmarot.fr\/?page_id=128#breadcrumb"},"inLanguage":"fr-FR","potentialAction":[{"@type":"ReadAction","target":["https:\/\/btsndrcclementmarot.fr\/?page_id=128"]}]},{"@type":"BreadcrumbList","@id":"https:\/\/btsndrcclementmarot.fr\/?page_id=128#breadcrumb","itemListElement":[{"@type":"ListItem","position":1,"name":"Accueil","item":"https:\/\/btsndrcclementmarot.fr\/"},{"@type":"ListItem","position":2,"name":"L&rsquo; Alternance"}]}]}},"_links":{"self":[{"href":"https:\/\/btsndrcclementmarot.fr\/index.php?rest_route=\/wp\/v2\/pages\/128"}],"collection":[{"href":"https:\/\/btsndrcclementmarot.fr\/index.php?rest_route=\/wp\/v2\/pages"}],"about":[{"href":"https:\/\/btsndrcclementmarot.fr\/index.php?rest_route=\/wp\/v2\/types\/page"}],"author":[{"embeddable":true,"href":"https:\/\/btsndrcclementmarot.fr\/index.php?rest_route=\/wp\/v2\/users\/1"}],"replies":[{"embeddable":true,"href":"https:\/\/btsndrcclementmarot.fr\/index.php?rest_route=%2Fwp%2Fv2%2Fcomments&post=128"}],"version-history":[{"count":48,"href":"https:\/\/btsndrcclementmarot.fr\/index.php?rest_route=\/wp\/v2\/pages\/128\/revisions"}],"predecessor-version":[{"id":801,"href":"https:\/\/btsndrcclementmarot.fr\/index.php?rest_route=\/wp\/v2\/pages\/128\/revisions\/801"}],"wp:attachment":[{"href":"https:\/\/btsndrcclementmarot.fr\/index.php?rest_route=%2Fwp%2Fv2%2Fmedia&parent=128"}],"curies":[{"name":"wp","href":"https:\/\/api.w.org\/{rel}","templated":true}]}}