{"id":99,"date":"2021-09-21T08:15:30","date_gmt":"2021-09-21T06:15:30","guid":{"rendered":"https:\/\/btsndrcclementmarot.fr\/?page_id=99"},"modified":"2023-06-01T17:23:14","modified_gmt":"2023-06-01T15:23:14","slug":"challenges-commerciaux-thiriet","status":"publish","type":"page","link":"https:\/\/btsndrcclementmarot.fr\/?page_id=99","title":{"rendered":"Challenges commerciaux"},"content":{"rendered":"\n<div class=\"is-layout-flex wp-container-7 wp-block-columns\">\n<div class=\"is-layout-flow wp-block-column\" style=\"flex-basis:50%\">\n<div class=\"is-layout-flex wp-container-4 wp-block-columns\">\n<div class=\"is-layout-flow wp-block-column\" style=\"flex-basis:100%\">\n<div class=\"is-layout-flex wp-container-2 wp-block-columns\">\n<div class=\"is-layout-flow wp-block-column\" style=\"flex-basis:100%\">\n<figure class=\"wp-block-image size-large\"><img decoding=\"async\" loading=\"lazy\" width=\"314\" height=\"135\" src=\"https:\/\/btsndrcclementmarot.fr\/wp-content\/uploads\/2023\/01\/THIRIET-1.png\" alt=\"thiriet partenaire bts ndrc clement marot\" class=\"wp-image-421\" srcset=\"https:\/\/btsndrcclementmarot.fr\/wp-content\/uploads\/2023\/01\/THIRIET-1.png 314w, https:\/\/btsndrcclementmarot.fr\/wp-content\/uploads\/2023\/01\/THIRIET-1-300x129.png 300w\" sizes=\"(max-width: 314px) 100vw, 314px\" \/><figcaption class=\"wp-element-caption\">Maison Thiriet partenaire du BTS NDRC Cl\u00e9ment Marot.<\/figcaption><\/figure>\n<\/div>\n<\/div>\n<\/div>\n<\/div>\n<\/div>\n\n\n\n<div class=\"is-layout-flow wp-block-column\" style=\"flex-basis:50%\">\n<figure class=\"wp-block-image size-large\"><img decoding=\"async\" loading=\"lazy\" width=\"1024\" height=\"1024\" src=\"https:\/\/btsndrcclementmarot.fr\/wp-content\/uploads\/2023\/02\/STANHOME-LOGO-1024x1024.png\" alt=\"STANHOME\" class=\"wp-image-583\" srcset=\"https:\/\/btsndrcclementmarot.fr\/wp-content\/uploads\/2023\/02\/STANHOME-LOGO.png 1024w, https:\/\/btsndrcclementmarot.fr\/wp-content\/uploads\/2023\/02\/STANHOME-LOGO-300x300.png 300w, https:\/\/btsndrcclementmarot.fr\/wp-content\/uploads\/2023\/02\/STANHOME-LOGO-150x150.png 150w, https:\/\/btsndrcclementmarot.fr\/wp-content\/uploads\/2023\/02\/STANHOME-LOGO-768x768.png 768w\" sizes=\"(max-width: 1024px) 100vw, 1024px\" \/><figcaption class=\"wp-element-caption\">Soci\u00e9t\u00e9 Stanhome partenaire du BTS NDRC Cl\u00e9ment Marot.<\/figcaption><\/figure>\n<\/div>\n<\/div>\n\n\n\n<p>Le BTS NDRC Cl\u00e9ment Marot en partenariat avec<\/p>\n\n\n\n<p><strong>Thiriet <\/strong>: N\u00b02 de la vente de produits surgel\u00e9s : <a href=\"https:\/\/btsndrcclementmarot.fr\/?page_id=224(ouvre un nouvel onglet)\">d\u00e9couvrez les missions associ\u00e9es <\/a>!<\/p>\n\n\n\n<p><strong>Stanhomme <\/strong>: Leader de la vente directe : <a href=\"https:\/\/btsndrcclementmarot.fr\/?p=587\">voir les missions<\/a> !<\/p>\n","protected":false},"excerpt":{"rendered":"<p>Le BTS NDRC Cl\u00e9ment Marot en partenariat avec Thiriet : N\u00b02 de la vente de produits surgel\u00e9s : d\u00e9couvrez les missions associ\u00e9es ! Stanhomme : Leader de la vente directe : voir les missions !<\/p>\n","protected":false},"author":1,"featured_media":0,"parent":0,"menu_order":0,"comment_status":"closed","ping_status":"closed","template":"","meta":[],"yoast_head":"<!-- This site is optimized with the Yoast SEO plugin v17.1 - https:\/\/yoast.com\/wordpress\/plugins\/seo\/ -->\n<title>Challenges commerciaux - Bts NDRC<\/title>\n<meta name=\"description\" content=\"Le BTS NDRC Cl\u00e9ment Marot en partenariat avec Thiriet pour ses challenges commerciaux. D\u00e9couvrez les missions associ\u00e9es !\" \/>\n<meta name=\"robots\" content=\"index, follow, max-snippet:-1, max-image-preview:large, max-video-preview:-1\" \/>\n<link rel=\"canonical\" href=\"https:\/\/btsndrcclementmarot.fr\/?page_id=99\" \/>\n<meta property=\"og:locale\" content=\"fr_FR\" \/>\n<meta property=\"og:type\" content=\"article\" \/>\n<meta property=\"og:title\" content=\"Challenges commerciaux - Bts NDRC\" \/>\n<meta property=\"og:description\" content=\"Le BTS NDRC Cl\u00e9ment Marot en partenariat avec Thiriet pour ses challenges commerciaux. D\u00e9couvrez les missions associ\u00e9es !\" \/>\n<meta property=\"og:url\" content=\"https:\/\/btsndrcclementmarot.fr\/?page_id=99\" \/>\n<meta property=\"og:site_name\" content=\"Bts NDRC\" \/>\n<meta property=\"article:modified_time\" content=\"2023-06-01T15:23:14+00:00\" \/>\n<meta property=\"og:image\" content=\"https:\/\/btsndrcclementmarot.fr\/wp-content\/uploads\/2023\/01\/THIRIET-1.png\" \/>\n<meta name=\"twitter:card\" content=\"summary_large_image\" \/>\n<meta name=\"twitter:label1\" content=\"Dur\u00e9e de lecture est.\" \/>\n\t<meta name=\"twitter:data1\" content=\"1 minute\" \/>\n<script type=\"application\/ld+json\" class=\"yoast-schema-graph\">{\"@context\":\"https:\/\/schema.org\",\"@graph\":[{\"@type\":\"WebSite\",\"@id\":\"https:\/\/btsndrcclementmarot.fr\/#website\",\"url\":\"https:\/\/btsndrcclementmarot.fr\/\",\"name\":\"Bts NDRC\",\"description\":\"Lyc\\u00e9e Cl\\u00e9ment Marot\",\"potentialAction\":[{\"@type\":\"SearchAction\",\"target\":{\"@type\":\"EntryPoint\",\"urlTemplate\":\"https:\/\/btsndrcclementmarot.fr\/?s={search_term_string}\"},\"query-input\":\"required name=search_term_string\"}],\"inLanguage\":\"fr-FR\"},{\"@type\":\"ImageObject\",\"@id\":\"https:\/\/btsndrcclementmarot.fr\/?page_id=99#primaryimage\",\"inLanguage\":\"fr-FR\",\"url\":\"https:\/\/btsndrcclementmarot.fr\/wp-content\/uploads\/2023\/01\/THIRIET-1.png\",\"contentUrl\":\"https:\/\/btsndrcclementmarot.fr\/wp-content\/uploads\/2023\/01\/THIRIET-1.png\",\"width\":314,\"height\":135,\"caption\":\"thiriet partenaire bts ndrc clement marot\"},{\"@type\":\"WebPage\",\"@id\":\"https:\/\/btsndrcclementmarot.fr\/?page_id=99#webpage\",\"url\":\"https:\/\/btsndrcclementmarot.fr\/?page_id=99\",\"name\":\"Challenges commerciaux - Bts NDRC\",\"isPartOf\":{\"@id\":\"https:\/\/btsndrcclementmarot.fr\/#website\"},\"primaryImageOfPage\":{\"@id\":\"https:\/\/btsndrcclementmarot.fr\/?page_id=99#primaryimage\"},\"datePublished\":\"2021-09-21T06:15:30+00:00\",\"dateModified\":\"2023-06-01T15:23:14+00:00\",\"description\":\"Le BTS NDRC Cl\\u00e9ment Marot en partenariat avec Thiriet pour ses challenges commerciaux. D\\u00e9couvrez les missions associ\\u00e9es !\",\"breadcrumb\":{\"@id\":\"https:\/\/btsndrcclementmarot.fr\/?page_id=99#breadcrumb\"},\"inLanguage\":\"fr-FR\",\"potentialAction\":[{\"@type\":\"ReadAction\",\"target\":[\"https:\/\/btsndrcclementmarot.fr\/?page_id=99\"]}]},{\"@type\":\"BreadcrumbList\",\"@id\":\"https:\/\/btsndrcclementmarot.fr\/?page_id=99#breadcrumb\",\"itemListElement\":[{\"@type\":\"ListItem\",\"position\":1,\"name\":\"Accueil\",\"item\":\"https:\/\/btsndrcclementmarot.fr\/\"},{\"@type\":\"ListItem\",\"position\":2,\"name\":\"Challenges commerciaux\"}]}]}<\/script>\n<!-- \/ Yoast SEO plugin. -->","yoast_head_json":{"title":"Challenges commerciaux - Bts NDRC","description":"Le BTS NDRC Cl\u00e9ment Marot en partenariat avec Thiriet pour ses challenges commerciaux. D\u00e9couvrez les missions associ\u00e9es !","robots":{"index":"index","follow":"follow","max-snippet":"max-snippet:-1","max-image-preview":"max-image-preview:large","max-video-preview":"max-video-preview:-1"},"canonical":"https:\/\/btsndrcclementmarot.fr\/?page_id=99","og_locale":"fr_FR","og_type":"article","og_title":"Challenges commerciaux - Bts NDRC","og_description":"Le BTS NDRC Cl\u00e9ment Marot en partenariat avec Thiriet pour ses challenges commerciaux. D\u00e9couvrez les missions associ\u00e9es !","og_url":"https:\/\/btsndrcclementmarot.fr\/?page_id=99","og_site_name":"Bts NDRC","article_modified_time":"2023-06-01T15:23:14+00:00","og_image":[{"url":"https:\/\/btsndrcclementmarot.fr\/wp-content\/uploads\/2023\/01\/THIRIET-1.png"}],"twitter_card":"summary_large_image","twitter_misc":{"Dur\u00e9e de lecture est.":"1 minute"},"schema":{"@context":"https:\/\/schema.org","@graph":[{"@type":"WebSite","@id":"https:\/\/btsndrcclementmarot.fr\/#website","url":"https:\/\/btsndrcclementmarot.fr\/","name":"Bts NDRC","description":"Lyc\u00e9e Cl\u00e9ment Marot","potentialAction":[{"@type":"SearchAction","target":{"@type":"EntryPoint","urlTemplate":"https:\/\/btsndrcclementmarot.fr\/?s={search_term_string}"},"query-input":"required name=search_term_string"}],"inLanguage":"fr-FR"},{"@type":"ImageObject","@id":"https:\/\/btsndrcclementmarot.fr\/?page_id=99#primaryimage","inLanguage":"fr-FR","url":"https:\/\/btsndrcclementmarot.fr\/wp-content\/uploads\/2023\/01\/THIRIET-1.png","contentUrl":"https:\/\/btsndrcclementmarot.fr\/wp-content\/uploads\/2023\/01\/THIRIET-1.png","width":314,"height":135,"caption":"thiriet partenaire bts ndrc clement marot"},{"@type":"WebPage","@id":"https:\/\/btsndrcclementmarot.fr\/?page_id=99#webpage","url":"https:\/\/btsndrcclementmarot.fr\/?page_id=99","name":"Challenges commerciaux - Bts NDRC","isPartOf":{"@id":"https:\/\/btsndrcclementmarot.fr\/#website"},"primaryImageOfPage":{"@id":"https:\/\/btsndrcclementmarot.fr\/?page_id=99#primaryimage"},"datePublished":"2021-09-21T06:15:30+00:00","dateModified":"2023-06-01T15:23:14+00:00","description":"Le BTS NDRC Cl\u00e9ment Marot en partenariat avec Thiriet pour ses challenges commerciaux. D\u00e9couvrez les missions associ\u00e9es !","breadcrumb":{"@id":"https:\/\/btsndrcclementmarot.fr\/?page_id=99#breadcrumb"},"inLanguage":"fr-FR","potentialAction":[{"@type":"ReadAction","target":["https:\/\/btsndrcclementmarot.fr\/?page_id=99"]}]},{"@type":"BreadcrumbList","@id":"https:\/\/btsndrcclementmarot.fr\/?page_id=99#breadcrumb","itemListElement":[{"@type":"ListItem","position":1,"name":"Accueil","item":"https:\/\/btsndrcclementmarot.fr\/"},{"@type":"ListItem","position":2,"name":"Challenges commerciaux"}]}]}},"_links":{"self":[{"href":"https:\/\/btsndrcclementmarot.fr\/index.php?rest_route=\/wp\/v2\/pages\/99"}],"collection":[{"href":"https:\/\/btsndrcclementmarot.fr\/index.php?rest_route=\/wp\/v2\/pages"}],"about":[{"href":"https:\/\/btsndrcclementmarot.fr\/index.php?rest_route=\/wp\/v2\/types\/page"}],"author":[{"embeddable":true,"href":"https:\/\/btsndrcclementmarot.fr\/index.php?rest_route=\/wp\/v2\/users\/1"}],"replies":[{"embeddable":true,"href":"https:\/\/btsndrcclementmarot.fr\/index.php?rest_route=%2Fwp%2Fv2%2Fcomments&post=99"}],"version-history":[{"count":12,"href":"https:\/\/btsndrcclementmarot.fr\/index.php?rest_route=\/wp\/v2\/pages\/99\/revisions"}],"predecessor-version":[{"id":690,"href":"https:\/\/btsndrcclementmarot.fr\/index.php?rest_route=\/wp\/v2\/pages\/99\/revisions\/690"}],"wp:attachment":[{"href":"https:\/\/btsndrcclementmarot.fr\/index.php?rest_route=%2Fwp%2Fv2%2Fmedia&parent=99"}],"curies":[{"name":"wp","href":"https:\/\/api.w.org\/{rel}","templated":true}]}}